e factors of x?
2, 3
What are the prime factors of (-192)/(-20) + (-4)/(-10)?
2, 5
Let q(o) = 13*o + 3. Let y(c) = -26*c - 7. Let a(t) = 10*q(t) + 4*y(t). List the prime factors of a(1).
2, 7
Suppose 17*a - 725 = 12*a. List the prime factors of a.
5, 29
Let x(y) = y**2 + 4*y + 11. List the prime factors of x(-8).
43
What are the prime factors of ((-3)/6)/((-63)/30 - -2)?
5
Suppose 0 = 5*c + 4*y - 417 - 147, 5*c + 2*y = 572. What are the prime factors of c?
2, 29
Let a(v) = 6*v + 2. What are the prime factors of a(3)?
2, 5
Let d = 115 + -55. What are the prime factors of d?
2, 3, 5
Let h(a) = a**3 + 3*a**2 - 8*a + 7. Let q be h(-5). List the prime factors of ((-27)/q)/3 - -11.
2, 7
Let m be (3 + 1 + 0)/(-1). Let v be (m/(-8))/((-1)/(-104)). Suppose -v + 12 = -4*q - 4*o, -2*o - 64 = -5*q. List the prime factors of q.
2, 3
Let g(s) = -5*s + 3. Let z(c) = 6*c - 4. Let i(w) = -3*g(w) - 2*z(w). Let f be i(1). Suppose q + 9 = f*q. List the prime factors of q.
3
Suppose 4*m - 5*k = -6, -m + 3*m = 5*k - 8. Let w(l) = -m - 2 + 4*l - 1 - l. What are the prime factors of w(8)?
2, 5
Let h = -380 - -607. What are the prime factors of h?
227
Let a = -40 - -16. What are the prime factors of 5*(a/(-15))/4?
2
Let r(g) = 3*g**2 - 2*g - 2. Let v be r(-3). Let p = v - 16. What are the prime factors of p?
3, 5
Let d be 2 - (1 + 1 - 2). Suppose -5*g + 3*n = -22, -2 = -5*n + 3*n. Suppose 0*b + 2*b - d*h - 34 = 0, -3*b + 57 = -g*h. What are the prime factors of b?
2, 7
Suppose 15 = 5*f, 3*l - 2 = 4*l - 5*f. What are the prime factors of l?
13
Let m be (6*4)/(-3) - 1. What are the prime factors of (-2)/m - (-272)/72?
2
Let v(n) = -4*n**3 - n**2 + 2*n - 4. List the prime factors of v(-3).
89
Suppose 9 = -n - k - 1, 3*n = k - 26. Suppose 5*w = -2*u + 10, 55 = 3*u + 2*u + 5*w. Let z = u + n. What are the prime factors of z?
2, 3
Let h be (-6)/18 - (-20)/6. Suppose 3*q + h = 2*v - 1, 4 = 2*v + 4*q. Suppose -13 = -5*r + v. List the prime factors of r.
3
List the prime factors of (91/(-21))/((-2)/24).
2, 13
Suppose 3*c + i = 2*i + 155, 4*i = 2*c - 120. What are the prime factors of c?
2, 5
Suppose 0 = c + d + 74, -c - 4*d - 53 - 27 = 0. Let v = -28 - c. List the prime factors of v.
2, 11
Let v = 254 - 135. List the prime factors of v.
7, 17
Let x(t) = t**2 - t + 2. Let j(g) = g**3 - g**2 - g + 2. Let q be j(0). What are the prime factors of x(q)?
2
Suppose 3*l - 7 - 35 = 0. Suppose -4*m + l = 3*v, m + 0*m = -3*v + 8. List the prime factors of v.
2
Let d(i) = -2*i + 56. What are the prime factors of d(19)?
2, 3
Let n(b) = -3*b - 1. Let w = -8 - -6. Let m be n(w). Suppose -m*a = -2*a - 57. What are the prime factors of a?
19
Let b = 6 + -4. Let q(v) = -b + 1 + 11*v**3 + v**3. List the prime factors of q(1).
11
Let y(o) = -o**2 - 15*o + 14. What are the prime factors of y(-13)?
2, 5
Suppose -a = 2*a. Suppose 4 = 2*n - a. What are the prime factors of n?
2
Let c(z) = z**2 + z - 2. Let s = 10 - 14. List the prime factors of c(s).
2, 5
Let z(o) = -o + 16. List the prime factors of z(-7).
23
Let t(z) = -z**3 - 6*z - 6*z**2 - 5 + 1 + 1 + 0. Let d be t(-5). Suppose -3*w + d = -40. What are the prime factors of w?
2, 7
Let j = -1 - -4. List the prime factors of 2 - (-3 + -4*j).
17
Let o(f) = -f**3 - 6*f**2 - 2*f - 14. Let i be o(-6). What are the prime factors of (38 - -4)*i/(-6)?
2, 7
Suppose -4*a + 25 - 9 = 0. Suppose 6 = -2*r + a*r. Suppose 0 = 3*o + 3*c - 15, 0*c + 10 = 2*o + r*c. List the prime factors of o.
5
Let r = -13 + 3. List the prime factors of (-6)/r - (-264)/10.
3
Suppose 5*l - 940 = 2*y, -3*l + 4*l = -2*y + 200. List the prime factors of l.
2, 5, 19
Suppose -8 = -3*t - 2, 4*h - t = 6. Let w be 1 - 0/h - 0. What are the prime factors of w + (-5)/2*-4?
11
Let t(w) = -2*w. Let r(c) = 1. Let p(f) = -5*r(f) + t(f). Let s(q) = -1. Let m(i) = 2*p(i) - 4*s(i). What are the prime factors of m(-4)?
2, 5
Suppose 0 = -4*d - d - 25. What are the prime factors of (224/40)/((-2)/d)?
2, 7
Let g = 267 - 189. Suppose -4*l + g = 5*y - 34, -4*l + 112 = -y. What are the prime factors of l?
2, 7
Suppose 3*d = 3 + 3. Suppose 0*u + u = d. Suppose -5*b = u*y - 21, -4*y + 52 - 19 = b. What are the prime factors of y?
2
Suppose -4*n = -3 - 1. What are the prime factors of n + -2 + (-11 - -14)?
2
Suppose x - i + 0*i = -3, -x = 4*i - 7. Let l = 1 - x. Suppose -l*v = -4*v + 32. List the prime factors of v.
2
Let w(g) = -g + 9. Let q(r) = -r - 1. Let y be q(-6). Let p be w(y). Suppose -4*l + 54 = -3*z, -2*l + p*z = 2*l - 52. What are the prime factors of l?
3, 5
Let u = 7 + -3. Suppose 3*x = -3, -u*h - 2*x + 20 = 2*x. What are the prime factors of h?
2, 3
What are the prime factors of (-17)/(-34)*(-1 - -445)?
2, 3, 37
Let a(c) = -c**2 - 14*c - 9. Let s be (-4)/(-10) - (-260)/(-25). Let l be ((-24)/s)/(3/(-15)). What are the prime factors of a(l)?
3, 5
List the prime factors of 72 - (-4)/20*-5.
71
Let w(n) be the second derivative of n**6/40 - n**4/24 + n**3/6 + n. Let v(o) be the second derivative of w(o). List the prime factors of v(1).
2
Suppose 3*f - 2*z = 59, 2*f - 5 - 46 = -z. Let o = -11 + f. What are the prime factors of o?
2, 3
Let u be (1 + -2)/(0 + 1). Let j = u + 3. List the prime factors of 24/(-20)*(-10)/j.
2, 3
Suppose 0 = -0*b - 3*b + 5*l + 67, 3*b - l - 83 = 0. List the prime factors of b.
29
Suppose -2*z = 5*y - 171 - 529, -2*y + z = -289. List the prime factors of y.
2, 71
Suppose -5*a + 186 = 56. List the prime factors of a.
2, 13
Let y = -3 + 35. List the prime factors of y.
2
Let h = 92 - 52. What are the prime factors of h?
2, 5
Let p = -5 - -13. Let h be 1/(-2) + 27/(-6). Let z = p + h. List the prime factors of z.
3
Suppose 7*k - 3*k = 520. What are the prime factors of k?
2, 5, 13
Suppose 3*r + 11 - 311 = 0. What are the prime factors of r?
2, 5
Let a(v) = -1 + 3*v**2 + v - 5 - v**3 + 7*v**2. Let g be a(10). List the prime factors of (-42)/(-11) + g/22.
2
Let t(d) = -4*d - 5. Let x be t(6). Let y = x - -17. What are the prime factors of (-11)/3*y/4?
11
Suppose 2*r + 3*r - 20 = 0. Suppose -27 = -r*j + 65. List the prime factors of j.
23
Suppose 3*b - 18 = -d, b - 5*d = 3*b + 1. What are the prime factors of b?
7
Let s(d) = d**3 + 8*d**2 + 2*d + 7. Let w be s(-7). Suppose -w = -3*c + 3. List the prime factors of c.
3, 5
Let z be (6/10)/((-5)/25). List the prime factors of -3 - 1*(-5 + z).
5
Suppose 2*m = -2*i - 8, 0*m - 8 = -m + 2*i. Suppose -4*d + 7 = 3*s - 6, 3*s - 2*d - 43 = m. List the prime factors of s.
11
Let z(d) = -d**3 - 3*d**2 - 5*d - 7. Let b be 1*-1 - (-5 - -8). List the prime factors of z(b).
29
Let y(r) = -20*r + 9. List the prime factors of y(-5).
109
Let j(o) be the third derivative of o**5/60 + o**3/2 - 2*o**2. Let f = 5 - 8. What are the prime factors of j(f)?
2, 3
Let x = -2 - -15. Let u = x - -7. What are the prime factors of u?
2, 5
Suppose 17*b - 16*b - 3 = 0. Suppose h - 35 = -0*h - 4*k, 0 = b*h + k - 127. What are the prime factors of h?
43
What are the prime factors of (1*33/9)/(1/84)?
2, 7, 11
What are the prime factors of (-12)/(-10)*10/3?
2
List the prime factors of 4/(548/(-184) + 3).
2, 23
Let s(d) = 0*d**2 + 0*d**2 + 2*d**2 - 1 + 2*d**2 - d. What are the prime factors of s(1)?
2
Suppose -5 = -5*l + 5*u + 235, 3*l = 5*u + 146. Suppose c - 4*c = 6, -c = -5*w + l. What are the prime factors of w?
3
Let f be -2 - (-8 - (-4 - -2)). Let o be (-4)/(-14) - f/14. What are the prime factors of (13 - (o + 2))*1?
11
List the prime factors of 118 + (4 - 1) - -2.
3, 41
Suppose 2*o = -0*o + 122. Let t = 135 - o. Suppose 3*f - 40 = 4*v, -t = -5*f - 3*v - 17. List the prime factors of f.
2, 3
Suppose 3*j = 4*x - 0*x - 616, -4*x + 2*j = -616. List the prime factors of x.
2, 7, 11
Suppose r - 1063 = -5*o, -3*o - 422 = -5*o - 2*r. Suppose 4*i = o - 77. What are the prime factors of i?
2, 17
What are the prime factors of (1 + 1/(-3))*24?
2
Let j(u) = 4*u**2. Suppose -8 = -3*i - 2*r - 2, 0 = -2*r. Suppose i*v + 0*v - 2 = 0. What are the prime factors of j(v)?
2
Suppose 2*k + 102 - 25 = 3*r, 5*k + 62 = 3*r. What are the prime factors of r/3 - 8/(-24)?
2, 5
Suppose 8*j = 7*j - 4. List the prime factors of 6/j*1*-2.
3
Let n be ((-2)/(-4))/(5/60). Let w be (-4 - 5)*(-2)/n. Suppose -13 = -2*i + w. List the prime factors of i.
2
Suppose 0*y + y = -7. Let g(f) be the t